{"id":49,"date":"2022-11-28T09:26:53","date_gmt":"2022-11-28T09:26:53","guid":{"rendered":"https:\/\/intronyx.de\/?page_id=49"},"modified":"2023-11-09T15:01:17","modified_gmt":"2023-11-09T14:01:17","slug":"materialbereitstellung","status":"publish","type":"page","link":"https:\/\/intronyx.de\/?page_id=49","title":{"rendered":"Materialbereitstellung"},"content":{"rendered":"\n<p><strong>Fass-Stationen<\/strong><br>sind eine anwenderfreundliche, professionelle und kosteng\u00fcnstige Alternative zur Verwendung von simplen Fasspumpen<\/p>\n\n\n\n<p><br><strong>Produkteigenschaften und Highlights<\/strong><\/p>\n\n\n\n<p><br>Automatische Bef\u00fcllung der Tagesbeh\u00e4lter mittels leistungsstarker Membran-Pumpe<br>R\u00fchrwerk f\u00fcr Polyol mit Frequenzumrichter<br>Extrem stabile und pneumatische Hubeinheit<br>Fass-Erkennung mit optionaler Poka-Yoke-Funktion<br>Optionen<br>Automatische Re-Zirkulation des Materials im Polyol-Beh\u00e4lter<br>Kontinuierliche F\u00fcllstandsmessung f\u00fcr Polyol<br><br><\/p>\n\n\n\n<p><strong>Container-Stationen<\/strong><br>bieten eine vielfach l\u00e4ngere Materialversorgung im Vergleich zu Fass-Stationen.<br>Produkteigenschaften und Highlights<br>Automatische Bef\u00fcllung der Tagesbeh\u00e4lter mittels Zahnradpumpe mit Magnetkupplung<br>R\u00fchrwerk f\u00fcr Polyol mit Frequenzumrichter<br>Extrem stabile und leichtlaufende pneumatische Hubeinheit<br>Kapazitive F\u00fcllstandsmessung und Beh\u00e4lter-Erkennung mittels Sensor<br>Optische Anzeige der Betriebszust\u00e4nde mit Signalleuchte<\/p>\n\n\n\n<p><strong>Optionen<\/strong><br>Vorr\u00fchrstation f\u00fcr Polyol mit frequenzgeregeltem R\u00fchrwerk<br>Pufferbeh\u00e4lter f\u00fcr Polyol\/Isocyanat in zweiter Ebene<\/p>\n\n\n\n<figure class=\"wp-block-gallery has-nested-images columns-default is-cropped wp-block-gallery-1 is-layout-flex wp-block-gallery-is-layout-flex\">\n<figure class=\"wp-block-image size-large\"><img fetchpriority=\"high\" decoding=\"async\" width=\"1024\" height=\"683\" data-id=\"142\" src=\"https:\/\/intronyx.de\/wp-content\/uploads\/2023\/01\/SKI_180919-35-1024x683.jpg\" alt=\"\" class=\"wp-image-142\" srcset=\"https:\/\/intronyx.de\/wp-content\/uploads\/2023\/01\/SKI_180919-35-1024x683.jpg 1024w, https:\/\/intronyx.de\/wp-content\/uploads\/2023\/01\/SKI_180919-35-300x200.jpg 300w, https:\/\/intronyx.de\/wp-content\/uploads\/2023\/01\/SKI_180919-35-768x512.jpg 768w, https:\/\/intronyx.de\/wp-content\/uploads\/2023\/01\/SKI_180919-35-1536x1024.jpg 1536w, https:\/\/intronyx.de\/wp-content\/uploads\/2023\/01\/SKI_180919-35-2048x1365.jpg 2048w\" sizes=\"(max-width: 1024px) 100vw, 1024px\" \/><figcaption class=\"wp-element-caption\">Containerstation Iso-Seite<\/figcaption><\/figure>\n\n\n\n<figure class=\"wp-block-image size-large\"><img decoding=\"async\" width=\"683\" height=\"1024\" data-id=\"140\" src=\"https:\/\/intronyx.de\/wp-content\/uploads\/2023\/01\/SKI_180919-31-683x1024.jpg\" alt=\"\" class=\"wp-image-140\" srcset=\"https:\/\/intronyx.de\/wp-content\/uploads\/2023\/01\/SKI_180919-31-683x1024.jpg 683w, https:\/\/intronyx.de\/wp-content\/uploads\/2023\/01\/SKI_180919-31-200x300.jpg 200w, https:\/\/intronyx.de\/wp-content\/uploads\/2023\/01\/SKI_180919-31-768x1152.jpg 768w, https:\/\/intronyx.de\/wp-content\/uploads\/2023\/01\/SKI_180919-31-1024x1536.jpg 1024w, https:\/\/intronyx.de\/wp-content\/uploads\/2023\/01\/SKI_180919-31-1365x2048.jpg 1365w, https:\/\/intronyx.de\/wp-content\/uploads\/2023\/01\/SKI_180919-31-scaled.jpg 1707w\" sizes=\"(max-width: 683px) 100vw, 683px\" \/><figcaption class=\"wp-element-caption\">Containerstation Poly-Seite<\/figcaption><\/figure>\n\n\n\n<figure class=\"wp-block-image size-large\"><img decoding=\"async\" width=\"1024\" height=\"683\" data-id=\"136\" src=\"https:\/\/intronyx.de\/wp-content\/uploads\/2023\/01\/SKI_180919-43-1024x683.jpg\" alt=\"\" class=\"wp-image-136\" srcset=\"https:\/\/intronyx.de\/wp-content\/uploads\/2023\/01\/SKI_180919-43-1024x683.jpg 1024w, https:\/\/intronyx.de\/wp-content\/uploads\/2023\/01\/SKI_180919-43-300x200.jpg 300w, https:\/\/intronyx.de\/wp-content\/uploads\/2023\/01\/SKI_180919-43-768x512.jpg 768w, https:\/\/intronyx.de\/wp-content\/uploads\/2023\/01\/SKI_180919-43-1536x1024.jpg 1536w, https:\/\/intronyx.de\/wp-content\/uploads\/2023\/01\/SKI_180919-43-2048x1365.jpg 2048w\" sizes=\"(max-width: 1024px) 100vw, 1024px\" \/><figcaption class=\"wp-element-caption\">Containerstation gesamt<\/figcaption><\/figure>\n\n\n\n<figure class=\"wp-block-image size-large\"><img loading=\"lazy\" decoding=\"async\" width=\"1024\" height=\"683\" data-id=\"135\" src=\"https:\/\/intronyx.de\/wp-content\/uploads\/2023\/01\/SKI_180919-42-1024x683.jpg\" alt=\"\" class=\"wp-image-135\" srcset=\"https:\/\/intronyx.de\/wp-content\/uploads\/2023\/01\/SKI_180919-42-1024x683.jpg 1024w, https:\/\/intronyx.de\/wp-content\/uploads\/2023\/01\/SKI_180919-42-300x200.jpg 300w, https:\/\/intronyx.de\/wp-content\/uploads\/2023\/01\/SKI_180919-42-768x512.jpg 768w, https:\/\/intronyx.de\/wp-content\/uploads\/2023\/01\/SKI_180919-42-1536x1024.jpg 1536w, https:\/\/intronyx.de\/wp-content\/uploads\/2023\/01\/SKI_180919-42-2048x1365.jpg 2048w\" sizes=\"(max-width: 1024px) 100vw, 1024px\" \/><figcaption class=\"wp-element-caption\">Containerstation gesamt<\/figcaption><\/figure>\n<\/figure>\n","protected":false},"excerpt":{"rendered":"<p>Fass-Stationensind eine anwenderfreundliche, professionelle und kosteng\u00fcnstige Alternative zur Verwendung von simplen Fasspumpen Produkteigenschaften und Highlights Automatische Bef\u00fcllung der Tagesbeh\u00e4lter mittels leistungsstarker Membran-PumpeR\u00fchrwerk f\u00fcr Polyol mit FrequenzumrichterExtrem stabile und pneumatische HubeinheitFass-Erkennung mit optionaler Poka-Yoke-FunktionOptionenAutomatische Re-Zirkulation des Materials im Polyol-Beh\u00e4lterKontinuierliche F\u00fcllstandsmessung f\u00fcr Polyol Container-Stationenbieten eine vielfach l\u00e4ngere Materialversorgung im Vergleich zu Fass-Stationen.Produkteigenschaften und HighlightsAutomatische Bef\u00fcllung der Tagesbeh\u00e4lter [&hellip;]<\/p>\n","protected":false},"author":1,"featured_media":0,"parent":0,"menu_order":0,"comment_status":"closed","ping_status":"closed","template":"","meta":{"footnotes":""},"class_list":["post-49","page","type-page","status-publish","hentry"],"yoast_head":"<!-- This site is optimized with the Yoast SEO plugin v25.6 - https:\/\/yoast.com\/wordpress\/plugins\/seo\/ -->\n<title>Materialbereitstellung - Pure for You<\/title>\n<meta name=\"robots\" content=\"index, follow, max-snippet:-1, max-image-preview:large, max-video-preview:-1\" \/>\n<link rel=\"canonical\" href=\"https:\/\/intronyx.de\/?page_id=49\" \/>\n<meta property=\"og:locale\" content=\"de_DE\" \/>\n<meta property=\"og:type\" content=\"article\" \/>\n<meta property=\"og:title\" content=\"Materialbereitstellung - Pure for You\" \/>\n<meta property=\"og:description\" content=\"Fass-Stationensind eine anwenderfreundliche, professionelle und kosteng\u00fcnstige Alternative zur Verwendung von simplen Fasspumpen Produkteigenschaften und Highlights Automatische Bef\u00fcllung der Tagesbeh\u00e4lter mittels leistungsstarker Membran-PumpeR\u00fchrwerk f\u00fcr Polyol mit FrequenzumrichterExtrem stabile und pneumatische HubeinheitFass-Erkennung mit optionaler Poka-Yoke-FunktionOptionenAutomatische Re-Zirkulation des Materials im Polyol-Beh\u00e4lterKontinuierliche F\u00fcllstandsmessung f\u00fcr Polyol Container-Stationenbieten eine vielfach l\u00e4ngere Materialversorgung im Vergleich zu Fass-Stationen.Produkteigenschaften und HighlightsAutomatische Bef\u00fcllung der Tagesbeh\u00e4lter [&hellip;]\" \/>\n<meta property=\"og:url\" content=\"https:\/\/intronyx.de\/?page_id=49\" \/>\n<meta property=\"og:site_name\" content=\"Pure for You\" \/>\n<meta property=\"article:modified_time\" content=\"2023-11-09T14:01:17+00:00\" \/>\n<meta property=\"og:image\" content=\"https:\/\/intronyx.de\/wp-content\/uploads\/2023\/01\/SKI_180919-35-1024x683.jpg\" \/>\n<meta name=\"twitter:card\" content=\"summary_large_image\" \/>\n<meta name=\"twitter:label1\" content=\"Gesch\u00e4tzte Lesezeit\" \/>\n\t<meta name=\"twitter:data1\" content=\"1 Minute\" \/>\n<script type=\"application\/ld+json\" class=\"yoast-schema-graph\">{\"@context\":\"https:\/\/schema.org\",\"@graph\":[{\"@type\":\"WebPage\",\"@id\":\"https:\/\/intronyx.de\/?page_id=49\",\"url\":\"https:\/\/intronyx.de\/?page_id=49\",\"name\":\"Materialbereitstellung - Pure for You\",\"isPartOf\":{\"@id\":\"https:\/\/intronyx.de\/#website\"},\"primaryImageOfPage\":{\"@id\":\"https:\/\/intronyx.de\/?page_id=49#primaryimage\"},\"image\":{\"@id\":\"https:\/\/intronyx.de\/?page_id=49#primaryimage\"},\"thumbnailUrl\":\"https:\/\/intronyx.de\/wp-content\/uploads\/2023\/01\/SKI_180919-35-1024x683.jpg\",\"datePublished\":\"2022-11-28T09:26:53+00:00\",\"dateModified\":\"2023-11-09T14:01:17+00:00\",\"breadcrumb\":{\"@id\":\"https:\/\/intronyx.de\/?page_id=49#breadcrumb\"},\"inLanguage\":\"de-DE\",\"potentialAction\":[{\"@type\":\"ReadAction\",\"target\":[\"https:\/\/intronyx.de\/?page_id=49\"]}]},{\"@type\":\"ImageObject\",\"inLanguage\":\"de-DE\",\"@id\":\"https:\/\/intronyx.de\/?page_id=49#primaryimage\",\"url\":\"https:\/\/intronyx.de\/wp-content\/uploads\/2023\/01\/SKI_180919-35-scaled.jpg\",\"contentUrl\":\"https:\/\/intronyx.de\/wp-content\/uploads\/2023\/01\/SKI_180919-35-scaled.jpg\",\"width\":2560,\"height\":1707,\"caption\":\"Containerstation Iso-Seite\"},{\"@type\":\"BreadcrumbList\",\"@id\":\"https:\/\/intronyx.de\/?page_id=49#breadcrumb\",\"itemListElement\":[{\"@type\":\"ListItem\",\"position\":1,\"name\":\"Startseite\",\"item\":\"https:\/\/intronyx.de\/\"},{\"@type\":\"ListItem\",\"position\":2,\"name\":\"Materialbereitstellung\"}]},{\"@type\":\"WebSite\",\"@id\":\"https:\/\/intronyx.de\/#website\",\"url\":\"https:\/\/intronyx.de\/\",\"name\":\"intronyx GmbH & Co.KG\",\"description\":\"\",\"publisher\":{\"@id\":\"https:\/\/intronyx.de\/#organization\"},\"potentialAction\":[{\"@type\":\"SearchAction\",\"target\":{\"@type\":\"EntryPoint\",\"urlTemplate\":\"https:\/\/intronyx.de\/?s={search_term_string}\"},\"query-input\":{\"@type\":\"PropertyValueSpecification\",\"valueRequired\":true,\"valueName\":\"search_term_string\"}}],\"inLanguage\":\"de-DE\"},{\"@type\":\"Organization\",\"@id\":\"https:\/\/intronyx.de\/#organization\",\"name\":\"intronyx\",\"url\":\"https:\/\/intronyx.de\/\",\"logo\":{\"@type\":\"ImageObject\",\"inLanguage\":\"de-DE\",\"@id\":\"https:\/\/intronyx.de\/#\/schema\/logo\/image\/\",\"url\":\"https:\/\/intronyx.de\/wp-content\/uploads\/2022\/11\/cropped-cropped-5040@2x.jpg\",\"contentUrl\":\"https:\/\/intronyx.de\/wp-content\/uploads\/2022\/11\/cropped-cropped-5040@2x.jpg\",\"width\":958,\"height\":201,\"caption\":\"intronyx\"},\"image\":{\"@id\":\"https:\/\/intronyx.de\/#\/schema\/logo\/image\/\"}}]}<\/script>\n<!-- \/ Yoast SEO plugin. -->","yoast_head_json":{"title":"Materialbereitstellung - Pure for You","robots":{"index":"index","follow":"follow","max-snippet":"max-snippet:-1","max-image-preview":"max-image-preview:large","max-video-preview":"max-video-preview:-1"},"canonical":"https:\/\/intronyx.de\/?page_id=49","og_locale":"de_DE","og_type":"article","og_title":"Materialbereitstellung - Pure for You","og_description":"Fass-Stationensind eine anwenderfreundliche, professionelle und kosteng\u00fcnstige Alternative zur Verwendung von simplen Fasspumpen Produkteigenschaften und Highlights Automatische Bef\u00fcllung der Tagesbeh\u00e4lter mittels leistungsstarker Membran-PumpeR\u00fchrwerk f\u00fcr Polyol mit FrequenzumrichterExtrem stabile und pneumatische HubeinheitFass-Erkennung mit optionaler Poka-Yoke-FunktionOptionenAutomatische Re-Zirkulation des Materials im Polyol-Beh\u00e4lterKontinuierliche F\u00fcllstandsmessung f\u00fcr Polyol Container-Stationenbieten eine vielfach l\u00e4ngere Materialversorgung im Vergleich zu Fass-Stationen.Produkteigenschaften und HighlightsAutomatische Bef\u00fcllung der Tagesbeh\u00e4lter [&hellip;]","og_url":"https:\/\/intronyx.de\/?page_id=49","og_site_name":"Pure for You","article_modified_time":"2023-11-09T14:01:17+00:00","og_image":[{"url":"https:\/\/intronyx.de\/wp-content\/uploads\/2023\/01\/SKI_180919-35-1024x683.jpg","type":"","width":"","height":""}],"twitter_card":"summary_large_image","twitter_misc":{"Gesch\u00e4tzte Lesezeit":"1 Minute"},"schema":{"@context":"https:\/\/schema.org","@graph":[{"@type":"WebPage","@id":"https:\/\/intronyx.de\/?page_id=49","url":"https:\/\/intronyx.de\/?page_id=49","name":"Materialbereitstellung - Pure for You","isPartOf":{"@id":"https:\/\/intronyx.de\/#website"},"primaryImageOfPage":{"@id":"https:\/\/intronyx.de\/?page_id=49#primaryimage"},"image":{"@id":"https:\/\/intronyx.de\/?page_id=49#primaryimage"},"thumbnailUrl":"https:\/\/intronyx.de\/wp-content\/uploads\/2023\/01\/SKI_180919-35-1024x683.jpg","datePublished":"2022-11-28T09:26:53+00:00","dateModified":"2023-11-09T14:01:17+00:00","breadcrumb":{"@id":"https:\/\/intronyx.de\/?page_id=49#breadcrumb"},"inLanguage":"de-DE","potentialAction":[{"@type":"ReadAction","target":["https:\/\/intronyx.de\/?page_id=49"]}]},{"@type":"ImageObject","inLanguage":"de-DE","@id":"https:\/\/intronyx.de\/?page_id=49#primaryimage","url":"https:\/\/intronyx.de\/wp-content\/uploads\/2023\/01\/SKI_180919-35-scaled.jpg","contentUrl":"https:\/\/intronyx.de\/wp-content\/uploads\/2023\/01\/SKI_180919-35-scaled.jpg","width":2560,"height":1707,"caption":"Containerstation Iso-Seite"},{"@type":"BreadcrumbList","@id":"https:\/\/intronyx.de\/?page_id=49#breadcrumb","itemListElement":[{"@type":"ListItem","position":1,"name":"Startseite","item":"https:\/\/intronyx.de\/"},{"@type":"ListItem","position":2,"name":"Materialbereitstellung"}]},{"@type":"WebSite","@id":"https:\/\/intronyx.de\/#website","url":"https:\/\/intronyx.de\/","name":"intronyx GmbH & Co.KG","description":"","publisher":{"@id":"https:\/\/intronyx.de\/#organization"},"potentialAction":[{"@type":"SearchAction","target":{"@type":"EntryPoint","urlTemplate":"https:\/\/intronyx.de\/?s={search_term_string}"},"query-input":{"@type":"PropertyValueSpecification","valueRequired":true,"valueName":"search_term_string"}}],"inLanguage":"de-DE"},{"@type":"Organization","@id":"https:\/\/intronyx.de\/#organization","name":"intronyx","url":"https:\/\/intronyx.de\/","logo":{"@type":"ImageObject","inLanguage":"de-DE","@id":"https:\/\/intronyx.de\/#\/schema\/logo\/image\/","url":"https:\/\/intronyx.de\/wp-content\/uploads\/2022\/11\/cropped-cropped-5040@2x.jpg","contentUrl":"https:\/\/intronyx.de\/wp-content\/uploads\/2022\/11\/cropped-cropped-5040@2x.jpg","width":958,"height":201,"caption":"intronyx"},"image":{"@id":"https:\/\/intronyx.de\/#\/schema\/logo\/image\/"}}]}},"jetpack_sharing_enabled":true,"_links":{"self":[{"href":"https:\/\/intronyx.de\/index.php?rest_route=\/wp\/v2\/pages\/49"}],"collection":[{"href":"https:\/\/intronyx.de\/index.php?rest_route=\/wp\/v2\/pages"}],"about":[{"href":"https:\/\/intronyx.de\/index.php?rest_route=\/wp\/v2\/types\/page"}],"author":[{"embeddable":true,"href":"https:\/\/intronyx.de\/index.php?rest_route=\/wp\/v2\/users\/1"}],"replies":[{"embeddable":true,"href":"https:\/\/intronyx.de\/index.php?rest_route=%2Fwp%2Fv2%2Fcomments&post=49"}],"version-history":[{"count":2,"href":"https:\/\/intronyx.de\/index.php?rest_route=\/wp\/v2\/pages\/49\/revisions"}],"predecessor-version":[{"id":241,"href":"https:\/\/intronyx.de\/index.php?rest_route=\/wp\/v2\/pages\/49\/revisions\/241"}],"wp:attachment":[{"href":"https:\/\/intronyx.de\/index.php?rest_route=%2Fwp%2Fv2%2Fmedia&parent=49"}],"curies":[{"name":"wp","href":"https:\/\/api.w.org\/{rel}","templated":true}]}}