{"id":53,"date":"2022-11-28T09:31:35","date_gmt":"2022-11-28T09:31:35","guid":{"rendered":"https:\/\/intronyx.de\/?page_id=53"},"modified":"2023-11-09T15:01:28","modified_gmt":"2023-11-09T14:01:28","slug":"mischkoepfe-und-umschalteinheiten","status":"publish","type":"page","link":"https:\/\/intronyx.de\/?page_id=53","title":{"rendered":"Mischk\u00f6pfe und Umschalteinheiten"},"content":{"rendered":"\n<p class=\"has-medium-font-size\"><strong>Umschalteinheiten<\/strong><br>sind die optimale Erg\u00e4nzung f\u00fcr den prozesssicheren Betrieb mehrerer Mischk\u00f6pfe an einer Dosiermaschine. Komponenten h\u00f6chster G\u00fcte garantieren Pr\u00e4zision und einen wartungsarmen und zuverl\u00e4ssigen Betrieb.<\/p>\n\n\n\n<p class=\"has-medium-font-size\"><strong>Mischkopf Typ DHV:<\/strong><\/p>\n\n\n\n<p><strong>Umlenkkopf f\u00fcr Hart-, Halbhart-, Weich- und Integralsch\u00e4ume<\/strong><\/p>\n\n\n\n<p>Wir statten unsere PUR-Anlagen mit Mischk\u00f6pfen der Firma DUT KOREA aus und erreichen so eine herausragende Produktqualit\u00e4t und Lebensdauer bei einem unerreichten Preis-\/Leistungsverh\u00e4ltnis. DUT ist einer der gr\u00f6\u00dften Mischkopf-Hersteller der Welt und bietet eine umfangreiche Produktpalette f\u00fcr einen weiten Anwendungsbereich<\/p>\n\n\n\n<p class=\"has-medium-font-size\"><strong>Produkteigenschaften und Highlights<\/strong><\/p>\n\n\n\n<p>Perfektion bez\u00fcglich Bauform mit doppelt geneigten D\u00fcsen<br>Bestm\u00f6gliche Nutzung der kinetischen Energie, optimale Vermischung durch Doppel-Kollision der Komponenten und extrem stabiler und laminarer Austrag<br>Selbstreinigung durch Reinigungskolben mit integrierter Spiralnut<br>Innovative D\u00fcsensteuerung f\u00fcr kurze Schaltzeiten<br>Spezielle Hartmetallbeschichtung f\u00fcr eine gleichbleibende Performance und hohe Lebensdauer<br>D\u00fcsenbausteine leicht zug\u00e4nglich und einfach zu warten<\/p>\n","protected":false},"excerpt":{"rendered":"<p>Umschalteinheitensind die optimale Erg\u00e4nzung f\u00fcr den prozesssicheren Betrieb mehrerer Mischk\u00f6pfe an einer Dosiermaschine. Komponenten h\u00f6chster G\u00fcte garantieren Pr\u00e4zision und einen wartungsarmen und zuverl\u00e4ssigen Betrieb. Mischkopf Typ DHV: Umlenkkopf f\u00fcr Hart-, Halbhart-, Weich- und Integralsch\u00e4ume Wir statten unsere PUR-Anlagen mit Mischk\u00f6pfen der Firma DUT KOREA aus und erreichen so eine herausragende Produktqualit\u00e4t und Lebensdauer bei einem [&hellip;]<\/p>\n","protected":false},"author":1,"featured_media":0,"parent":0,"menu_order":0,"comment_status":"closed","ping_status":"closed","template":"","meta":{"footnotes":""},"class_list":["post-53","page","type-page","status-publish","hentry"],"yoast_head":"<!-- This site is optimized with the Yoast SEO plugin v25.6 - https:\/\/yoast.com\/wordpress\/plugins\/seo\/ -->\n<title>Mischk\u00f6pfe und Umschalteinheiten - Pure for You<\/title>\n<meta name=\"robots\" content=\"index, follow, max-snippet:-1, max-image-preview:large, max-video-preview:-1\" \/>\n<link rel=\"canonical\" href=\"https:\/\/intronyx.de\/?page_id=53\" \/>\n<meta property=\"og:locale\" content=\"de_DE\" \/>\n<meta property=\"og:type\" content=\"article\" \/>\n<meta property=\"og:title\" content=\"Mischk\u00f6pfe und Umschalteinheiten - Pure for You\" \/>\n<meta property=\"og:description\" content=\"Umschalteinheitensind die optimale Erg\u00e4nzung f\u00fcr den prozesssicheren Betrieb mehrerer Mischk\u00f6pfe an einer Dosiermaschine. Komponenten h\u00f6chster G\u00fcte garantieren Pr\u00e4zision und einen wartungsarmen und zuverl\u00e4ssigen Betrieb. Mischkopf Typ DHV: Umlenkkopf f\u00fcr Hart-, Halbhart-, Weich- und Integralsch\u00e4ume Wir statten unsere PUR-Anlagen mit Mischk\u00f6pfen der Firma DUT KOREA aus und erreichen so eine herausragende Produktqualit\u00e4t und Lebensdauer bei einem [&hellip;]\" \/>\n<meta property=\"og:url\" content=\"https:\/\/intronyx.de\/?page_id=53\" \/>\n<meta property=\"og:site_name\" content=\"Pure for You\" \/>\n<meta property=\"article:modified_time\" content=\"2023-11-09T14:01:28+00:00\" \/>\n<meta name=\"twitter:card\" content=\"summary_large_image\" \/>\n<meta name=\"twitter:label1\" content=\"Gesch\u00e4tzte Lesezeit\" \/>\n\t<meta name=\"twitter:data1\" content=\"1 Minute\" \/>\n<script type=\"application\/ld+json\" class=\"yoast-schema-graph\">{\"@context\":\"https:\/\/schema.org\",\"@graph\":[{\"@type\":\"WebPage\",\"@id\":\"https:\/\/intronyx.de\/?page_id=53\",\"url\":\"https:\/\/intronyx.de\/?page_id=53\",\"name\":\"Mischk\u00f6pfe und Umschalteinheiten - Pure for You\",\"isPartOf\":{\"@id\":\"https:\/\/intronyx.de\/#website\"},\"datePublished\":\"2022-11-28T09:31:35+00:00\",\"dateModified\":\"2023-11-09T14:01:28+00:00\",\"breadcrumb\":{\"@id\":\"https:\/\/intronyx.de\/?page_id=53#breadcrumb\"},\"inLanguage\":\"de-DE\",\"potentialAction\":[{\"@type\":\"ReadAction\",\"target\":[\"https:\/\/intronyx.de\/?page_id=53\"]}]},{\"@type\":\"BreadcrumbList\",\"@id\":\"https:\/\/intronyx.de\/?page_id=53#breadcrumb\",\"itemListElement\":[{\"@type\":\"ListItem\",\"position\":1,\"name\":\"Startseite\",\"item\":\"https:\/\/intronyx.de\/\"},{\"@type\":\"ListItem\",\"position\":2,\"name\":\"Mischk\u00f6pfe und Umschalteinheiten\"}]},{\"@type\":\"WebSite\",\"@id\":\"https:\/\/intronyx.de\/#website\",\"url\":\"https:\/\/intronyx.de\/\",\"name\":\"intronyx GmbH & Co.KG\",\"description\":\"\",\"publisher\":{\"@id\":\"https:\/\/intronyx.de\/#organization\"},\"potentialAction\":[{\"@type\":\"SearchAction\",\"target\":{\"@type\":\"EntryPoint\",\"urlTemplate\":\"https:\/\/intronyx.de\/?s={search_term_string}\"},\"query-input\":{\"@type\":\"PropertyValueSpecification\",\"valueRequired\":true,\"valueName\":\"search_term_string\"}}],\"inLanguage\":\"de-DE\"},{\"@type\":\"Organization\",\"@id\":\"https:\/\/intronyx.de\/#organization\",\"name\":\"intronyx\",\"url\":\"https:\/\/intronyx.de\/\",\"logo\":{\"@type\":\"ImageObject\",\"inLanguage\":\"de-DE\",\"@id\":\"https:\/\/intronyx.de\/#\/schema\/logo\/image\/\",\"url\":\"https:\/\/intronyx.de\/wp-content\/uploads\/2022\/11\/cropped-cropped-5040@2x.jpg\",\"contentUrl\":\"https:\/\/intronyx.de\/wp-content\/uploads\/2022\/11\/cropped-cropped-5040@2x.jpg\",\"width\":958,\"height\":201,\"caption\":\"intronyx\"},\"image\":{\"@id\":\"https:\/\/intronyx.de\/#\/schema\/logo\/image\/\"}}]}<\/script>\n<!-- \/ Yoast SEO plugin. -->","yoast_head_json":{"title":"Mischk\u00f6pfe und Umschalteinheiten - Pure for You","robots":{"index":"index","follow":"follow","max-snippet":"max-snippet:-1","max-image-preview":"max-image-preview:large","max-video-preview":"max-video-preview:-1"},"canonical":"https:\/\/intronyx.de\/?page_id=53","og_locale":"de_DE","og_type":"article","og_title":"Mischk\u00f6pfe und Umschalteinheiten - Pure for You","og_description":"Umschalteinheitensind die optimale Erg\u00e4nzung f\u00fcr den prozesssicheren Betrieb mehrerer Mischk\u00f6pfe an einer Dosiermaschine. Komponenten h\u00f6chster G\u00fcte garantieren Pr\u00e4zision und einen wartungsarmen und zuverl\u00e4ssigen Betrieb. Mischkopf Typ DHV: Umlenkkopf f\u00fcr Hart-, Halbhart-, Weich- und Integralsch\u00e4ume Wir statten unsere PUR-Anlagen mit Mischk\u00f6pfen der Firma DUT KOREA aus und erreichen so eine herausragende Produktqualit\u00e4t und Lebensdauer bei einem [&hellip;]","og_url":"https:\/\/intronyx.de\/?page_id=53","og_site_name":"Pure for You","article_modified_time":"2023-11-09T14:01:28+00:00","twitter_card":"summary_large_image","twitter_misc":{"Gesch\u00e4tzte Lesezeit":"1 Minute"},"schema":{"@context":"https:\/\/schema.org","@graph":[{"@type":"WebPage","@id":"https:\/\/intronyx.de\/?page_id=53","url":"https:\/\/intronyx.de\/?page_id=53","name":"Mischk\u00f6pfe und Umschalteinheiten - Pure for You","isPartOf":{"@id":"https:\/\/intronyx.de\/#website"},"datePublished":"2022-11-28T09:31:35+00:00","dateModified":"2023-11-09T14:01:28+00:00","breadcrumb":{"@id":"https:\/\/intronyx.de\/?page_id=53#breadcrumb"},"inLanguage":"de-DE","potentialAction":[{"@type":"ReadAction","target":["https:\/\/intronyx.de\/?page_id=53"]}]},{"@type":"BreadcrumbList","@id":"https:\/\/intronyx.de\/?page_id=53#breadcrumb","itemListElement":[{"@type":"ListItem","position":1,"name":"Startseite","item":"https:\/\/intronyx.de\/"},{"@type":"ListItem","position":2,"name":"Mischk\u00f6pfe und Umschalteinheiten"}]},{"@type":"WebSite","@id":"https:\/\/intronyx.de\/#website","url":"https:\/\/intronyx.de\/","name":"intronyx GmbH & Co.KG","description":"","publisher":{"@id":"https:\/\/intronyx.de\/#organization"},"potentialAction":[{"@type":"SearchAction","target":{"@type":"EntryPoint","urlTemplate":"https:\/\/intronyx.de\/?s={search_term_string}"},"query-input":{"@type":"PropertyValueSpecification","valueRequired":true,"valueName":"search_term_string"}}],"inLanguage":"de-DE"},{"@type":"Organization","@id":"https:\/\/intronyx.de\/#organization","name":"intronyx","url":"https:\/\/intronyx.de\/","logo":{"@type":"ImageObject","inLanguage":"de-DE","@id":"https:\/\/intronyx.de\/#\/schema\/logo\/image\/","url":"https:\/\/intronyx.de\/wp-content\/uploads\/2022\/11\/cropped-cropped-5040@2x.jpg","contentUrl":"https:\/\/intronyx.de\/wp-content\/uploads\/2022\/11\/cropped-cropped-5040@2x.jpg","width":958,"height":201,"caption":"intronyx"},"image":{"@id":"https:\/\/intronyx.de\/#\/schema\/logo\/image\/"}}]}},"jetpack_sharing_enabled":true,"_links":{"self":[{"href":"https:\/\/intronyx.de\/index.php?rest_route=\/wp\/v2\/pages\/53"}],"collection":[{"href":"https:\/\/intronyx.de\/index.php?rest_route=\/wp\/v2\/pages"}],"about":[{"href":"https:\/\/intronyx.de\/index.php?rest_route=\/wp\/v2\/types\/page"}],"author":[{"embeddable":true,"href":"https:\/\/intronyx.de\/index.php?rest_route=\/wp\/v2\/users\/1"}],"replies":[{"embeddable":true,"href":"https:\/\/intronyx.de\/index.php?rest_route=%2Fwp%2Fv2%2Fcomments&post=53"}],"version-history":[{"count":1,"href":"https:\/\/intronyx.de\/index.php?rest_route=\/wp\/v2\/pages\/53\/revisions"}],"predecessor-version":[{"id":54,"href":"https:\/\/intronyx.de\/index.php?rest_route=\/wp\/v2\/pages\/53\/revisions\/54"}],"wp:attachment":[{"href":"https:\/\/intronyx.de\/index.php?rest_route=%2Fwp%2Fv2%2Fmedia&parent=53"}],"curies":[{"name":"wp","href":"https:\/\/api.w.org\/{rel}","templated":true}]}}